ivided by q?
6
Let h(u) = -2*u**3 - 2*u**2 + 3. What is the remainder when 20 is divided by h(-2)?
9
Let s = 0 + 3. Calculate the remainder when 9 is divided by s.
0
Let p = 111 + -72. Calculate the remainder when p is divided by 21.
18
What is the remainder when (-1)/2 + 13*9/6 is divided by 8?
3
Suppose -5*d + 5*b = -40, -2*d + 0*b = 2*b - 24. What is the remainder when (-4)/22 + 2592/99 is divided by d?
6
What is the remainder when 74 is divided by 6/(-9) - (100/(-6) + -3)?
17
Suppose 5*t + 0*t - 14 = 2*o, 5*o + 2*t = -64. Let d be 7/2 - (-6)/o. Suppose -3*n = -3*v + v + 11, -v + d = n. What is the remainder when 10 is divided by v?
2
Let i = -18 + 29. What is the remainder when i is divided by 4?
3
Suppose 10*l - 6 = 64. Calculate the remainder when 13 is divided by l.
6
Let h(r) = -3*r - 13. What is the remainder when 9 is divided by h(-6)?
4
Let r = 31 - 14. Suppose -20*l - 45 = -25*l. What is the remainder when r is divided by l?
8
Suppose d + 5*i - 16 = -0*d, 0 = 5*d - 5*i - 20. What is the remainder when 16 is divided by d?
4
Suppose 30 = 4*f - 2*f. What is the remainder when f is divided by ((-2)/5)/((-1)/10)?
3
Suppose -6*v + 2*v + 22 = -2*g, -v - 2 = -3*g. Calculate the remainder when v is divided by 4.
3
Let u be (-28)/(-8) + (-2)/4. Suppose 2*v + 35 = u*v. Suppose 0 = 5*y + h - 95, h + 2*h = -3*y + 69. What is the remainder when v is divided by y?
17
Let p(u) be the second derivative of -u**5/20 - 7*u**4/12 - u**3/2 - 3*u**2/2 + 2*u. Let x(k) = 5*k**2. Calculate the remainder when p(-7) is divided by x(-1).
3
Calculate the remainder when 250/6 - 10/15 is divided by 13.
2
Suppose 0 = -4*y + 3*z + 187, 3*y + z + 44 - 168 = 0. What is the remainder when y is divided by 22?
21
Let j(q) = 2*q + 2. Calculate the remainder when j(3) is divided by 3.
2
Suppose 7*l = 4*t + 2*l - 27, 0 = 2*t + 5*l + 9. Calculate the remainder when 8 is divided by t.
2
Suppose 5*m - 7 = 3. Suppose 0 = -2*h - 2*a + 24, 5*a - 1 - 50 = -4*h. Calculate the remainder when m/9 + 142/9 is divided by h.
7
Let y = 18 + -8. Calculate the remainder when 27 is divided by y.
7
Calculate the remainder when ((-17)/(-51))/(1/435) is divided by 37.
34
Let n be (0 + -12)*(-8)/(-3). Let o = 46 + n. Let x = 46 + -6. Calculate the remainder when x is divided by o.
12
Let b be (4/(-3))/(12/18). Let g = 51 - b. Calculate the remainder when g is divided by 14.
11
Let t(c) be the second derivative of c**4 + c**3/3 + c**2/2 - 4*c. Suppose 3*x - 8*x + 30 = 0. What is the remainder when t(-1) is divided by x?
5
Let b(i) = i**3 + 21*i**2 - 25*i - 42. Calculate the remainder when b(-22) is divided by 13.
11
Suppose 3*a = 4*d + 2*a - 15, -2*d + 7 = -a. What is the remainder when 6 is divided by d?
2
Let d = -6 - -23. Suppose 0 = -3*r + 2 + 4, 0 = 2*j + r + 236. Calculate the remainder when d is divided by j/(-14) + (-1)/(-2).
8
Let h = 12 - -5. What is the remainder when -2 + (-270)/(-4) - 10/20 is divided by h?
14
Let a be (1 + 1)*(-6)/(-3). Suppose g + 3*m = a*m + 17, 4*g + 3*m = 75. Calculate the remainder when 35 is divided by g.
17
Let d(z) = 3*z**2 - 17*z. Let o(a) = -7*a**2 + 35*a - 1. Let n(b) = 9*d(b) + 4*o(b). Calculate the remainder when n(-7) is divided by 13.
12
What is the remainder when (12/(-2))/(2 + 7/(-3)) is divided by 11?
7
Let b(t) = -t**3 - 5*t**2 - 5*t - 4. Let o be b(-4). Suppose o = -l + 15 + 8. What is the remainder when (-440)/(-15)*(-3 + (-27)/(-6)) is divided by l?
21
Let y(m) = m - 3. Calculate the remainder when 6 is divided by y(7).
2
Let a(t) = t**2 - 2*t + 5. Let h be a(5). Suppose -3*k + h = 5. What is the remainder when (-2)/(-1) - 6/(-1) is divided by k?
3
Suppose -h = -3*u - 11, 0 = 2*h - 3*u + 4*u - 29. Calculate the remainder when h is divided by 7 + (0/2 - -2).
5
Let o(k) = -4 - k + 1 - k. Suppose -2*g = 2*g + 20. Calculate the remainder when 13 is divided by o(g).
6
Let n(j) = 11*j - 10. Let c be n(10). Suppose -4*f - c = -9*f. Calculate the remainder when f is divided by 7.
6
Let d(u) = -6*u. Let q be d(2). Let a = 17 + q. Suppose 21 = a*m - 19. Calculate the remainder when m is divided by 5.
3
Let w(z) = 2*z + 8. Let o be w(6). What is the remainder when (1 - o)*(0 + -1) is divided by 10?
9
Suppose h - 6*h - 3*g + 148 = 0, 0 = -2*h - 5*g + 44. Calculate the remainder when h is divided by 17.
15
Suppose -2*f = 3*f - 15. Suppose 10 = 3*u - t, -u - f*u + 11 = t. Calculate the remainder when u is divided by 2.
1
Let r(q) = 47*q**2 + 1. Let w be r(1). Let k = w - 27. What is the remainder when 40 is divided by k?
19
Calculate the remainder when (-4)/8*5*-6 is divided by 9.
6
Let h(f) = f**3 + 6*f**2 + 4*f - 7. Let p be h(-5). Let w(k) = 2*k**2 - 2*k - 1. What is the remainder when w(-3) is divided by 11 + (-3)/6*p?
11
Let q(y) = y**3 - y**2 - 14*y - 5. Let k(l) = -l**2 + l - 1. Let o(d) = -6*k(d) - q(d). What is the remainder when 43 is divided by o(8)?
10
Let p(f) = f**2 - f - 1. Let g be p(3). Let z(t) = 2*t + 2. Calculate the remainder when z(g) is divided by 7.
5
Let q = 26 + -11. Suppose m + 0 = 4*r - q, -3*r = 5*m - 17. What is the remainder when 1 is divided by m*(4 - 1)/3?
0
Suppose 2*t = t + 4. Suppose 4*k = -t*y + 176, -3*k - 3*y + 5*y + 122 = 0. What is the remainder when k is divided by 11?
9
Suppose 5*n - 142 = 223. Calculate the remainder when n is divided by 19.
16
Let l = 1 + 48. Calculate the remainder when l is divided by 13.
10
Let l(j) = 20*j - 36. Let s(r) = 4*r - 7. Let k(v) = 2*l(v) - 11*s(v). Calculate the remainder when k(-4) is divided by 8.
5
Let t be 2/(-4) - 6/(-4). Let p(r) = -r + 2. Let c be p(t). Calculate the remainder when 50 is divided by 2 + 15 - (c + -1).
16
Suppose 7 = k - 5*j + 32, 5 = 3*k + j. Suppose 0 = 4*n - k*n. Suppose n*u - 4*u + 92 = 0. What is the remainder when u is divided by 6?
5
Let p(b) = -2*b**2 - 14*b - 8. Calculate the remainder when 13 is divided by p(-6).
1
Let r be -2 + -8*(-3)/2. What is the remainder when ((-5)/r)/(2/(-188)) is divided by 12?
11
Suppose m - 5*m = -232. Let y = m - 11. Suppose 0 = s - 2*q - y, 0 = s + 3*q - 23 - 24. What is the remainder when s is divided by 16?
15
Let m = 1 - -8. What is the remainder when m is divided by 2?
1
Let d(a) = -a - 10. Let m be d(-13). Suppose -m*l + 20 = x - 4, 0 = -4*x - 12. Calculate the remainder when l is divided by 3.
0
Let u = 141 + -96. What is the remainder when 134 is divided by u?
44
Suppose -l + 5*l = 40. Let u = -35 + 52. What is the remainder when u is divided by l?
7
Suppose -2*a = -m - 4, -3*m - 2*a + 3*a + 13 = 0. What is the remainder when m is divided by 5?
1
Let f = -18 - -74. Suppose 0 = h + h - f. Calculate the remainder when h is divided by 10.
8
Suppose 2*b + 0*b = 26. Calculate the remainder when 50 is divided by b.
11
Let m(d) = d**2 - 3*d - 13. Let j = 6 + 0. What is the remainder when 7 is divided by m(j)?
2
Suppose 3*m + 75 = 4*z, -2*z = 2*m - 41 - 7. Calculate the remainder when z is divided by 12.
9
Suppose 6*p = p + 25. Calculate the remainder when 14 is divided by p.
4
Let a = -12 + 14. Suppose -4 = -s - a. What is the remainder when 3 is divided by s?
1
Let h be 2/(-4) + 26/4. Let a(v) be the second derivative of v**5/20 - 7*v**4/12 + 5*v**3/3 - 9*v**2/2 + 6*v. What is the remainder when a(h) is divided by 9?
6
Let o(u) = -3 + 3*u + 5*u - 4*u. What is the remainder when (-4)/(-20) - 477/(-15) is divided by o(5)?
15
Let z be (-2)/6 + 44/6. Let b(i) = -2*i**2 + 3*i - 2. Let h(l) = -3*l**2 + 4*l - 2. Let u(y) = z*b(y) - 6*h(y). What is the remainder when u(3) is divided by 7?
4
Suppose -5*o - d = -2*d - 427, -4*o + 344 = -2*d. What is the remainder when o is divided by 43?
42
What is the remainder when 58 is divided by (5/(-4))/((-12)/96)?
8
Suppose -140 = -4*z + 4. Calculate the remainder when z is divided by 14.
8
Suppose -j = 2*j. Suppose j = -2*g + 48 + 10. Calculate the remainder when g is divided by -1 + 15 + -1 - 3.
9
Let q be (68/(-6))/((-4)/6). Let s = 30 - q. Calculate the remainder when 51 is divided by s.
12
Suppose 5*u = -0*i - i - 1, 0 = 4*i + 2*u - 86. What is the remainder when 46 is divided by i?
22
Let o be (10/(-6))/((-2)/6). Suppose p - 4*p + o*u + 20 = 0, -5*p + 4*u + 42 = 0. Suppose -3*c = c - 76. Calculate the remainder when c is divided by p.
9
Calculate the remainder when (-3 - 38/(-1)